mposite number?
True
Is 407269 prime?
False
Is 503807 prime?
False
Is 882888411 prime?
False
Is 353389 a prime number?
True
Is 18143761 a composite number?
False
Is 303913 prime?
False
Is 1615668071 a composite number?
False
Is 4862671 composite?
True
Is 100472753 a prime number?
False
Is 1601335 a composite number?
True
Is 12461945 a composite number?
True
Is 17391587 prime?
True
Is 5596897 a composite number?
False
Is 10900907 a prime number?
True
Is 625589 composite?
False
Is 31415561 a prime number?
True
Is 92438737 a composite number?
False
Is 10807429 a composite number?
False
Is 48850721 composite?
True
Is 7046413 prime?
False
Is 61476997 a composite number?
True
Is 20134271 composite?
True
Is 3954785 prime?
False
Is 2261377 prime?
True
Is 4123529 a composite number?
False
Is 8453429 prime?
False
Is 2275517 composite?
True
Is 3817613 prime?
False
Is 14425849 a prime number?
True
Is 2295931 a prime number?
False
Is 396268487 a prime number?
False
Is 122557321 a prime number?
True
Is 51549847 composite?
True
Is 2250483 a composite number?
True
Is 946334 a composite number?
True
Is 2424791 a composite number?
False
Is 1380035089 a composite number?
True
Is 1355191 composite?
False
Is 3751777 a prime number?
True
Is 2877109 composite?
False
Is 1360181 composite?
True
Is 20008151 composite?
False
Is 83616521 prime?
True
Is 1993627 prime?
True
Is 80623889 a composite number?
False
Is 19658659 a prime number?
False
Is 9000601 composite?
False
Is 4040533 prime?
False
Is 124459991 prime?
True
Is 324612803 a prime number?
False
Is 12505057 a composite number?
False
Is 59377313 a composite number?
True
Is 3865429 a composite number?
False
Is 6632981 a composite number?
False
Is 31110137 a prime number?
False
Is 4124369 composite?
False
Is 10737473 a prime number?
True
Is 426845303 a composite number?
False
Is 100135157 a prime number?
False
Is 2317046 composite?
True
Is 792223 composite?
False
Is 7819739 prime?
False
Is 172793191 prime?
True
Is 465041 composite?
False
Is 7759613 prime?
False
Is 25289861 a composite number?
True
Is 72178457 composite?
True
Is 11056439 a composite number?
False
Is 10793833 composite?
False
Is 1386503 a prime number?
False
Is 4414519 composite?
False
Is 87338057 a composite number?
True
Is 438169 a composite number?
False
Is 220588967 a composite number?
True
Is 91408659 a prime number?
False
Is 37211843 prime?
False
Is 1933159 a prime number?
True
Is 278027053 a prime number?
False
Is 50690623 a prime number?
False
Is 2282141 prime?
True
Is 315577637 a prime number?
True
Is 51850553 prime?
True
Is 387641 a composite number?
False
Is 17010317 prime?
False
Is 117101 prime?
True
Is 38813015 a prime number?
False
Is 5064907 composite?
False
Is 2741903 composite?
False
Is 3968239 composite?
True
Is 100495177 composite?
True
Is 116534471 composite?
False
Is 215521 a prime number?
True
Is 325784047 a composite number?
True
Is 56631803 prime?
True
Is 135791 a prime number?
False
Is 342248677 composite?
False
Is 33497279 prime?
True
Is 257723 prime?
False
Is 1440469 prime?
True
Is 42710546 a composite number?
True
Is 157979611 prime?
True
Is 713903231 prime?
False
Is 5886077 prime?
False
Is 23764867 a prime number?
False
Is 928399 a prime number?
True
Is 3337701 a prime number?
False
Is 1757141 prime?
False
Is 14911781 prime?
False
Is 1239338 a prime number?
False
Is 433342439 a prime number?
True
Is 688040843 composite?
True
Is 4939127 a composite number?
False
Is 9318509 prime?
False
Is 1884381 composite?
True
Is 4345997 a prime number?
True
Is 12683654 a composite number?
True
Is 2191331 a composite number?
False
Is 7244179 prime?
True
Is 5906071 a prime number?
True
Is 70397605 prime?
False
Is 84873595 a prime number?
False
Is 305017 composite?
False
Is 2068369 a prime number?
False
Is 48293279 prime?
False
Is 12781541 prime?
True
Is 482383 prime?
False
Is 17656411 a prime number?
True
Is 3857531 a composite number?
False
Is 94292039 prime?
False
Is 2758141 composite?
False
Is 696427 a composite number?
False
Is 841369 a composite number?
False
Is 2873797 a prime number?
True
Is 217670339 a prime number?
False
Is 108578879 a composite number?
False
Is 4304879 a composite number?
False
Is 201984461 prime?
False
Is 78005 a prime number?
False
Is 33588433 prime?
True
Is 86229593 a composite number?
True
Is 25676033 a composite number?
True
Is 531833719 a composite number?
False
Is 29499367 prime?
True
Is 344276329 composite?
True
Is 62061037 a composite number?
False
Is 5122069 a prime number?
True
Is 25477754 a prime number?
False
Is 257827529 a composite number?
False
Is 16577377 prime?
True
Is 17878769 a prime number?
True
Is 2030243 composite?
False
Is 6872065 a prime number?
False
Is 62154539 composite?
True
Is 226047821 prime?
False
Is 2585659 a composite number?
False
Is 2457893 a prime number?
True
Is 23481071 a composite number?
False
Is 11973659 a prime number?
True
Is 18027841 a composite number?
True
Is 212623067 a prime number?
True
Is 15649295 a prime number?
False
Is 131867 prime?
False
Is 25946299 prime?
False
Is 1431769 a prime number?
True
Is 16292593 a prime number?
False
Is 91542947 a composite number?
False
Is 52591127 prime?
True
Is 1172777 a composite number?
False
Is 27788479 prime?
True
Is 285979357 a composite number?
False
Is 76511633 a prime number?
False
Is 539454301 a prime number?
True
Is 1089497 a composite number?
False
Is 2931493 a prime number?
True
Is 1480379 a prime number?
True
Is 386165639 a composite number?
False
Is 78160911 a composite number?
True
Is 1978567 prime?
True
Is 24656945 composite?
True
Is 17451149 prime?
True
Is 19702897 composite?
True
Is 221678557 a prime number?
False
Is 48445489 composite?
True
Is 47811013 composite?
False
Is 320519297 composite?
True
Is 3913421 composite?
False
Is 57327511 composite?
False
Is 1521119 a prime number?
True
Is 19242017 composite?
False
Is 22877921 a composite number?
True
Is 14246351 prime?
False
Is 404711 prime?
False
Is 8370235 prime?
False
Is 1935149 a prime number?
True
Is 228601 composite?
False
Is 3473053 composite?
False
Is 128642714 prime?
False
Is 974803 a composite number?
False
Is 36715361 prime?
True
Is 199370011 a prime number?
True
Is 27886297 a composite number?
False
Is 16220377 a prime number?
False
Is 3786037 a composite number?
True
Is 16816579 a prime number?
False
Is 2348399 a composite number?
True
Is 1147561 prime?
True
Is 7003027 prime?
False
Is 5202047 prime?
False
Is 10901849 prime?
False
Is 31796411 a composite number?
False
Is 23873611 prime?
True
Is 428341 a composite number?
True
Is 137211497 prime?
True
Is 3957841 a prime number?
False
Is 374939 a prime number?
True
Is 26031991 composite?
True
Is 13562771 composite?
False
Is 270811 composite?
True
Is 39611603 a composite number?
False
Is 48752503 composite?
True
Is 68274043 prime?
True
Is 118044917 a composite number?
False
Is 136074241 a composite number?
True
Is 3650159 a prime number?
True
Is 84630081 a composite number?
True
Is 155970763 a prime number?
False
Is 7562993 a composite number?
True
Is 660788563 prime?
True
Is 6107009 a composite number?
False
Is 16458289 composite?
False
Is 21572219 composite?
True
Is 5480749 a composite number?
True
Is 15832513 prime?
False
Is 307458511 a prime number?
False
Is 422789 prime?
True
Is 607673 a composite number?
True
Is 2434301 prime?
False
Is 10397627 composite?
False
Is 19455001 a prime number?
False
Is 3845741 a composite number?
False
Is 3853799 a composite number?
True
Is 103306989 prime?
False
Is 6339833 composite?
True
Is 71164099 composite?
False
Is 4532806 prime?
False
Is 13233691 a prime number?
True
Is 33474587 prime?
False
Is 13926751 composite?
False
Is 32463119 prime?
False
Is 22046721 prime?
False
Is 89194423 prime?
False
Is 2811113 composite?
False
Is 74631383 composite?
False
Is 301747 prime?
True
Is 2637419 a prime number?
True
Is 25465877 composite?
False
Is 186101 a composite number?
True
Is 36372397 prime?
True
Is 45789283 prime?
True
Is 205511819 prime?
True
Is 2241133 a composite number?
True
Is 3634793 a prime number?
False
Is 1102393 composite?
False
Is 285871 composite?
False
Is 1504717 a composite number?
False
Is 8144557 a prime number?
True
Is 30072173 a prime number?
Fals